088?
8
What is the highest common factor of 85000 and 20060?
340
What is the greatest common divisor of 558456 and 408?
24
What is the greatest common factor of 21308 and 8?
4
What is the highest common divisor of 1701 and 476?
7
Calculate the highest common factor of 340 and 44132.
68
What is the greatest common factor of 3618 and 8289?
27
Calculate the highest common divisor of 2057 and 572.
11
What is the greatest common factor of 13384 and 126?
14
What is the greatest common factor of 312 and 364?
52
Calculate the highest common factor of 300 and 2932.
4
What is the greatest common divisor of 7928 and 2472?
8
Calculate the highest common factor of 34 and 11760838.
34
Calculate the highest common divisor of 43580 and 60.
20
Calculate the greatest common divisor of 15751 and 5396.
19
Calculate the greatest common factor of 19760 and 1748.
76
Calculate the greatest common divisor of 1160 and 1566.
58
Calculate the highest common divisor of 124 and 4156604.
124
Calculate the greatest common divisor of 1316 and 11620.
28
Calculate the greatest common factor of 6767 and 43952.
67
Calculate the greatest common divisor of 3030 and 746895.
1515
Calculate the greatest common divisor of 148 and 107078.
74
Calculate the greatest common factor of 47104 and 92.
92
What is the highest common factor of 139390 and 212?
106
Calculate the highest common divisor of 10523 and 11050.
17
Calculate the highest common divisor of 2276 and 204.
4
Calculate the greatest common factor of 24791 and 117.
13
What is the highest common divisor of 2016 and 143496?
72
What is the highest common factor of 170215 and 19765?
295
What is the highest common divisor of 30369 and 13179?
573
Calculate the highest common factor of 59 and 468106.
59
Calculate the greatest common factor of 9 and 2151.
9
Calculate the greatest common divisor of 298128 and 104.
8
What is the highest common factor of 66 and 223542?
66
What is the highest common factor of 9 and 3389?
1
What is the greatest common divisor of 33 and 165374?
11
Calculate the highest common divisor of 13186 and 32618.
694
Calculate the greatest common divisor of 90352 and 16.
16
Calculate the greatest common factor of 231 and 1008.
21
What is the greatest common factor of 57 and 19684?
19
What is the greatest common divisor of 1394 and 902?
82
What is the highest common divisor of 333235 and 35?
35
What is the greatest common factor of 108 and 109244?
4
What is the greatest common divisor of 30 and 80?
10
Calculate the greatest common factor of 349 and 30613931.
349
What is the highest common divisor of 195 and 3406260?
195
Calculate the greatest common divisor of 532 and 25396.
28
Calculate the greatest common factor of 888 and 69486.
222
Calculate the greatest common divisor of 76 and 548188.
76
Calculate the highest common divisor of 1276 and 2581.
29
Calculate the greatest common factor of 5160 and 1875.
15
What is the greatest common divisor of 6120 and 175848?
408
Calculate the highest common divisor of 22 and 193.
1
What is the highest common divisor of 1924890 and 10?
10
What is the greatest common divisor of 9084 and 468?
12
What is the highest common factor of 56742 and 5439?
147
Calculate the highest common divisor of 3266 and 639.
71
Calculate the highest common factor of 658350 and 693.
693
What is the greatest common divisor of 246057 and 63?
21
Calculate the greatest common factor of 2148575 and 195.
65
What is the highest common factor of 135 and 311013?
27
Calculate the greatest common factor of 1564419 and 1286.
643
Calculate the highest common factor of 15 and 8757240.
15
What is the highest common divisor of 6657675 and 87?
87
Calculate the greatest common divisor of 658 and 12059166.
658
What is the highest common divisor of 471367 and 718?
359
Calculate the greatest common factor of 4598 and 81070.
242
Calculate the greatest common divisor of 271310 and 1040.
130
Calculate the greatest common divisor of 10 and 219970.
10
What is the highest common factor of 4745 and 63115?
65
Calculate the greatest common divisor of 948 and 227204.
316
Calculate the greatest common factor of 1163 and 34.
1
Calculate the highest common divisor of 12 and 10104.
12
Calculate the highest common factor of 76137 and 246.
123
Calculate the highest common divisor of 20812 and 2244.
44
Calculate the highest common factor of 496 and 8284936.
248
What is the greatest common divisor of 3 and 522858?
3
What is the highest common factor of 63426 and 66?
66
What is the greatest common factor of 721 and 6125?
7
What is the greatest common divisor of 18 and 1654?
2
Calculate the highest common divisor of 1358 and 29488.
194
What is the highest common divisor of 86021 and 9464?
169
Calculate the highest common divisor of 89910 and 3663.
333
What is the highest common factor of 636 and 4187?
53
Calculate the highest common divisor of 15979 and 95.
19
What is the highest common divisor of 148072 and 56440?
664
Calculate the greatest common factor of 336 and 124782.
42
Calculate the greatest common factor of 3162 and 816.
102
What is the greatest common factor of 1625 and 221?
13
What is the highest common factor of 202587 and 99?
33
What is the highest common divisor of 12704 and 144?
16
Calculate the highest common factor of 305 and 6172346.
61
What is the greatest common divisor of 2284 and 96?
4
Calculate the greatest common divisor of 4237690 and 10.
10
Calculate the greatest common factor of 2 and 662.
2
What is the greatest common factor of 59710 and 105?
35
What is the highest common divisor of 1158 and 292202?
386
What is the greatest common divisor of 224 and 942208?
32
Calculate the greatest common divisor of 90 and 2669670.
90
What is the highest common divisor of 3324 and 18?
6
Calculate the highest common factor of 30 and 136830.
30
Calculate the highest common factor of 748 and 38216.
68
What is the greatest common factor of 12672 and 118528?
128
What is the highest common factor of 99 and 3212?
11
What is the highest common factor of 426 and 2058?
6
What is the highest common factor of 251025 and 75?
75
Calculate the greatest common factor of 164401 and 58.
29
What is the highest common factor of 79 and 329114?
79
What is the greatest common factor of 2555 and 343?
7
Calculate the greatest common divisor of 177808 and 8.
8
What is the highest common factor of 1768923 and 19773?
1521
What is the highest common divisor of 132510 and 126?
42
What is the greatest common factor of 9522 and 144?
18
What is the highest common factor of 66 and 409926?
66
What is the greatest common factor of 34596 and 2604?
372
What is the greatest common divisor of 13587 and 497?
7
Calculate the greatest common factor of 12447 and 675.
27
Calculate the highest common divisor of 131 and 1637107.
131
Calculate the highest common divisor of 34674 and 6.
6
What is the greatest common divisor of 1940891 and 86?
43
What is the highest common factor of 14319 and 301?
43
Calculate the highest common factor of 50 and 432350.
50
Calculate the highest common divisor of 1023 and 8525.
341
Calculate the highest common factor of 1834521 and 1768.
221
What is the greatest common divisor of 318 and 9858?
318
What is the greatest common divisor of 128 and 1160?
8
What is the highest common divisor of 675 and 18675?
225
Calculate the greatest common divisor of 2376 and 1998.
54
Calculate the greatest common divisor of 125770 and 180.
10
Calculate the greatest common factor of 341 and 146619.
11
Calculate the highest common factor of 2214 and 122262.
246
Calculate the highest common factor of 74430 and 270.
90
Calculate the highest common divisor of 1966 and 588817.
983
What is the highest common factor of 187 and 695497?
11
What is the highest common divisor of 6888 and 30240?
168
Calculate the highest common divisor of 169632 and 10336.
608
Calculate the highest common divisor of 9 and 2463.
3
What is the highest common divisor of 64040 and 320?
40
Calculate the greatest common divisor of 1958 and 242.
22
What is the highest common factor of 13140 and 255?
15
What is the highest common divisor of 3 and 40444?
1
Calculate the greatest common factor of 84578 and 104.
26
What is the greatest common factor of 105 and 258258?
21
What is the highest common factor of 